mon divisor of v and c?
22
Suppose 0 = 4*j + 2*s - 892, 4*s - 95 = -j + 142. Let v = 226 - j. What is the highest common factor of v and 15?
5
Let d(i) be the second derivative of 5*i**3 + 193*i**2/2 - 97*i. Let a be d(-6). Calculate the highest common divisor of a and 104.
13
Let i be (620/(-8))/((-3)/36*-3). Let h = i + 343. Calculate the highest common divisor of h and 99.
33
Let s(b) = 276*b + 52*b - 127*b - 338. Let o be s(6). What is the greatest common factor of o and 28?
28
Suppose -o + 4*d + 66 = 0, -240 = -5*o + 7*d - 2*d. What is the highest common factor of 5187 and o?
21
Suppose 0 = 17*i + i - 36. Suppose 5*j = 6*m - i*m + 290, -2*j - 5*m = -83. What is the highest common divisor of 1242 and j?
54
Let x(q) = -q**3 + 14*q**2 - 21*q + 8. Let t be x(4). Suppose 0 = -7*d + d + t. What is the highest common factor of 35 and d?
7
Let x(b) = b**2 - 13*b + 31. Let z be x(13). Suppose z*n + 70 = 36*n. Let q be ((-7)/(n/12))/((-15)/25). Calculate the greatest common factor of q and 80.
10
Let g = -30099 - -30319. What is the greatest common divisor of g and 39050?
110
Let d be ((-5)/(175/14))/((-3036)/(-1520) - 2). What is the greatest common factor of d and 8854?
38
Let m = 1143655 + -1143640. Let i be (1/(-2))/(1/34). Let x be -1 + -1 + i/(-1). Calculate the greatest common divisor of m and x.
15
Let c be -6 + 35/(2 + 5). Let g(p) = -2*p + 30. Let j be g(c). Calculate the highest common factor of 608 and j.
32
Suppose o - 85 = -2*l, -15*o + 1391 = 10*l - 9*l. Calculate the greatest common factor of 87 and o.
3
Suppose 5886 - 15831 = -9*j. Calculate the greatest common factor of 425 and j.
85
Let t(y) = y**2 - 60*y + 980. Let u be t(0). What is the greatest common divisor of 7 and u?
7
Let c = 36 - 21. Let b = -518 - -538. What is the highest common divisor of b and c?
5
Let a = 9204 + -7949. What is the greatest common divisor of a and 20?
5
Let j = -38618 + 39041. What is the greatest common divisor of j and 972?
9
Let d be 329 + (-6)/30*0. Let b = d + -68. Calculate the greatest common divisor of 9 and b.
9
Suppose 0 = -23*c + 147*c - 31248. What is the greatest common factor of c and 693?
63
Suppose -11*f + 233 = -130. Calculate the greatest common divisor of f and 561.
33
Let g(r) = -2*r**3 + 47*r**2 + 180*r + 33. Let s be g(26). What is the greatest common divisor of s and 341?
31
Suppose -12*d - 161 - 559 = -92*d. What is the greatest common factor of 2883 and d?
3
Suppose -5*h = 4*i - 41, 4*h - 41 = 2444*i - 2439*i. Calculate the greatest common divisor of 3 and h.
3
Let q be 1*-2*84*-1. Suppose 4*g = -2*f + 102, 753*f - 754*f + g = -6. What is the highest common divisor of f and q?
21
Suppose 0 = -2*a - 0*a - 394. Let y be -2*3/(-2) - -299. Let c = a + y. What is the highest common divisor of c and 42?
21
Let b(r) = -612*r + 50. Let t be b(0). What is the highest common divisor of t and 18700?
50
Let v be (8*-1)/4*16/(-4). Suppose -322 = -v*x + x. Calculate the greatest common factor of x and 2.
2
Suppose 0 = 3*c - 78 - 24 + 24. What is the greatest common divisor of 1430 and c?
26
Let i = 8241 + -8178. What is the highest common factor of i and 25389?
63
Suppose 0*f = 2*f + 4*f. Let c(y) = -y**2 - 2*y + 99. Let v be c(f). Calculate the greatest common divisor of 33 and v.
33
Suppose -19*u - 666 = -20*u - 2*y, -u - 3*y = -666. What is the greatest common divisor of u and 144?
18
Let q(n) = -11*n - 4. Let h be q(-3). Suppose -8*m + 93 - h = 0. Suppose 27 = m*l - 21. What is the highest common factor of 54 and l?
6
Suppose 3*l - 113 = 169. Let d = l + 71. Suppose 5*j + 0*z - 63 = -3*z, -z = -5*j + 79. Calculate the highest common factor of j and d.
15
Suppose -k - 21 = -5*o, k + o = -4*o + 9. Let j be 2 + (2 - -3) + k + 2. Suppose -2*t = x - 3, -x + 4*t = t + 2. What is the greatest common divisor of x and j?
1
Let x = 751 - 637. Suppose -5*h + 26 + x = 0. What is the greatest common factor of 7 and h?
7
Let d(m) = -159*m + 24. Let t be d(0). Calculate the highest common divisor of 8856 and t.
24
Let s(y) = -23*y + 188. Let v be s(-4). Calculate the greatest common divisor of v and 30.
10
Let u = -40 + 42. Let a be 84/(-8)*u*33/(-9). Let v = -46 + a. What is the greatest common factor of v and 31?
31
Suppose 21*l = 17*l. Suppose l*j + 3*j = j. Suppose 2*d - 6 - 36 = -4*r, -d - 3*r + 25 = j. Calculate the greatest common divisor of d and 104.
13
Suppose -39*b - 3528 + 32 = -191*b. Calculate the greatest common factor of 3657 and b.
23
Let l be (1 + -2)/(236/(-3009)*(-3)/(-152)). Calculate the greatest common factor of l and 2014.
38
Let h(r) = -r**3 - 5*r**2 - 2*r + 6. Let i be h(-3). Let t(q) = 8*q**2 + 22*q + 51. Let n be t(i). What is the greatest common divisor of n and 27?
9
Suppose -10593 = 49*a - 31516. Suppose 2747 = 40*f + a. Calculate the greatest common divisor of 58 and f.
58
Let y = -977 - -994. Let w = 63 + -27. Suppose c = w + 32. What is the highest common divisor of y and c?
17
Let b be ((-1)/((-2)/(-24)))/(6/(-32)). Suppose -b = -4*g + 32. Let w be g*4/6 + 0. Calculate the highest common divisor of 128 and w.
16
Let b(q) = -29*q + 7. Let k(o) = -145*o + 34. Let x(n) = -11*b(n) + 2*k(n). Let h be x(2). Let y = 71 - h. Calculate the greatest common factor of y and 22.
22
Let a(n) be the third derivative of 5*n**4/24 - 11*n**3/3 - 8*n**2. Let i be a(15). Let k = i - 37. What is the highest common divisor of k and 2?
2
Let s(d) be the second derivative of d**4/12 - d**3/6 + 17*d. Let v be s(0). Let n be (-8)/(-12)*(v + 3). Calculate the greatest common factor of 5 and n.
1
Suppose 0 = -5*t + 3*v + 29, 5*t = 2*v + 14 + 12. Suppose -t*a - x + 5 + 32 = 0, a = 2*x + 7. Let b = 71 - 62. What is the greatest common factor of a and b?
9
Suppose 5*a = 17*u - 18*u + 513, 3919 = 8*u + 3*a. What is the greatest common factor of u and 17812?
244
Let g(c) = c**3 - 29*c**2 + 55*c + 24. Let j be g(27). Calculate the highest common divisor of j and 68.
17
Let t = 25 + -15. Let z be ((-46)/6 - -1)*(-35)/((-1120)/(-48)). Calculate the greatest common factor of t and z.
10
Let c be (5 - 0)*(-245)/(-25). Let z(s) = -61*s + 2552. Let n be z(40). Calculate the greatest common divisor of n and c.
7
Let h(f) = f**2 + 101*f - 8257. Let i be h(64). Calculate the highest common divisor of i and 539.
49
Let f(c) = c**3 + 8*c**2 - 36*c - 33. Let g be f(-11). Suppose 0 = -4*i - d + 195, 125 = 3*i - g*i + 5*d. What is the greatest common divisor of 125 and i?
25
Let n(y) = 89*y + 278. Let j be n(-6). Let x = j - -320. Let v be 80/(-1 - 3/(-2)). What is the greatest common divisor of v and x?
32
Let w = -9 + 12. Suppose w*c + 46 = 2*o, -2*c = 2*o - 19 - 37. Let a = 17 + 9. Calculate the greatest common divisor of o and a.
26
Let x(l) = -6*l**2 + 347*l + 512. Let t be x(59). Calculate the highest common factor of 23859 and t.
99
Let m be (-4)/8 - (-627)/114. Let c = -39 - -19. Let q = 5 - c. What is the highest common factor of q and m?
5
Let p = -17 + 13. Let c(r) = -r**3 - 3*r**2 + 3*r + 6. Let o be c(p). Let x be (-8)/o*-1*105. Calculate the greatest common divisor of x and 21.
21
Let s = 6900 + -6808. What is the greatest common divisor of 164 and s?
4
Let t be (-2)/(-5) + 6/(-15). Let c = 1776 - 1771. Suppose c*s - 10 + 0 = t. What is the greatest common divisor of s and 3?
1
Let f(v) be the third derivative of v**6/40 - v**5/20 + 7*v**4/12 - v**3/3 - 2*v**2 - 67*v. Let s be f(4). What is the highest common factor of s and 36?
18
Suppose 5 - 37 = 4*y. Let k(o) = 2*o + 19. Let q be k(y). Suppose 0 = 5*z + q*r - 138, -2*z + 20 + 48 = -2*r. Calculate the greatest common divisor of 12 and z.
6
Suppose -t - 5*r + 7*r = -44, 0 = 3*t - 5*r - 128. Calculate the highest common divisor of t and 2412.
36
Let l(j) = -20*j + 96. Let z be l(-3). Calculate the highest common divisor of 384 and z.
12
Suppose 34 = -2*f + 54. Let v = 435 - 415. Calculate the greatest common divisor of v and f.
10
Suppose -5*x = -1 - 9. Suppose 2 + 4 = -2*g - x*i, -g - 3*i = 11. Suppose -j = 4*s, 36*j - 36*j = -4*s - 8. Calculate the greatest common divisor of j and g.
1
Suppose -5*y + 260 = 2*w, y - 5*w - 89 = -10. Let m(f) = -f + 4. Let k be m(2). Suppose k*i + i - 108 = 0. What is the greatest common factor of i and y?
18
Let p(s) = 8*s**2 + 24*s - 78. Let l be p(-9). Calcul